atest common divisor of 99 and 2727461.
11
What is the greatest common divisor of 17288592 and 816?
816
Calculate the greatest common factor of 7516108 and 138244.
7276
What is the highest common factor of 73270140 and 9345?
1335
What is the greatest common factor of 123115 and 95?
5
Calculate the greatest common divisor of 4623612 and 1786.
38
What is the highest common divisor of 72576 and 263004?
84
What is the highest common divisor of 7425120 and 1860?
1860
What is the highest common divisor of 98 and 13999741?
49
Calculate the greatest common factor of 43240 and 167360.
40
Calculate the greatest common divisor of 18 and 17221482.
18
Calculate the greatest common divisor of 1560 and 853200.
120
What is the highest common factor of 914 and 72147504?
914
What is the highest common divisor of 882 and 2525782?
14
What is the highest common factor of 423157 and 8296?
61
What is the highest common divisor of 9546992 and 2528?
1264
Calculate the highest common factor of 13705366 and 204.
34
Calculate the greatest common divisor of 1550717 and 12383.
203
Calculate the highest common divisor of 5628 and 2121280.
28
What is the greatest common divisor of 3297770 and 560?
70
What is the highest common divisor of 1681 and 83490227?
1681
Calculate the highest common divisor of 58131 and 9099.
27
What is the highest common factor of 2781612 and 252?
36
What is the greatest common factor of 224496 and 864?
144
Calculate the greatest common divisor of 51145970 and 620.
310
What is the greatest common divisor of 485 and 4622341?
97
What is the greatest common divisor of 5598442 and 14?
2
What is the greatest common divisor of 5526561 and 15?
3
What is the greatest common factor of 5710192 and 4400?
16
Calculate the highest common factor of 717626 and 266.
14
What is the highest common factor of 44 and 12877117?
11
What is the highest common divisor of 63872624 and 15700?
628
What is the highest common factor of 15224 and 56398?
346
What is the highest common factor of 55119 and 157092?
57
Calculate the greatest common factor of 14338046 and 8854.
38
Calculate the highest common factor of 7810 and 1029145.
355
What is the greatest common factor of 76766 and 523738?
262
Calculate the greatest common factor of 1616 and 5395184.
16
Calculate the greatest common factor of 5167740 and 17200.
860
What is the greatest common divisor of 469 and 98967107?
67
Calculate the highest common factor of 41786895 and 555.
15
Calculate the highest common divisor of 3846702 and 37392.
4674
What is the greatest common factor of 328391 and 24682?
301
What is the highest common divisor of 140072968 and 41160?
2744
What is the highest common factor of 780650 and 51350?
650
Calculate the greatest common factor of 1383042020 and 122.
122
What is the highest common factor of 12 and 16560212?
4
Calculate the greatest common divisor of 97477713 and 9.
9
Calculate the greatest common factor of 1753147 and 94.
47
What is the highest common factor of 14170 and 88244220?
1090
What is the highest common divisor of 8497 and 1382662?
29
What is the greatest common factor of 14970 and 64823094?
2994
Calculate the highest common divisor of 7799682 and 6.
6
What is the highest common divisor of 143 and 173628521?
11
Calculate the greatest common factor of 278160 and 229520.
1520
What is the greatest common factor of 2209306 and 3961?
233
What is the highest common factor of 37323 and 1023?
33
Calculate the highest common divisor of 15720 and 1000840.
5240
Calculate the highest common divisor of 9045 and 31190175.
3015
What is the greatest common divisor of 231615860 and 5240?
2620
Calculate the highest common divisor of 18029076 and 1704.
12
What is the highest common factor of 1417473 and 52593?
141
Calculate the highest common divisor of 22045 and 245015.
5
What is the highest common factor of 22034141 and 12788?
139
What is the highest common factor of 3872 and 4435618?
242
What is the greatest common divisor of 291594 and 175398?
138
What is the greatest common factor of 918 and 4846071?
51
Calculate the highest common factor of 322503 and 1119207.
579
Calculate the greatest common divisor of 1615 and 40741605.
1615
Calculate the greatest common factor of 1902377 and 1280641.
3379
Calculate the highest common factor of 574050925 and 5.
5
Calculate the highest common divisor of 2933 and 31900565.
419
Calculate the greatest common factor of 1379 and 8112263.
197
What is the greatest common factor of 8413035 and 57?
3
What is the highest common divisor of 98880 and 4352352?
96
What is the greatest common factor of 15362375 and 362?
181
Calculate the highest common divisor of 44359161 and 75460.
3773
What is the greatest common divisor of 220 and 207196385?
55
Calculate the highest common divisor of 102 and 849436467.
51
Calculate the highest common factor of 27517592 and 43.
43
What is the greatest common factor of 1989 and 14418170?
13
Calculate the highest common divisor of 540365 and 175.
35
Calculate the highest common factor of 125244 and 19926576.
2556
What is the greatest common factor of 167589336 and 2607?
237
What is the highest common divisor of 471061038 and 42?
42
What is the greatest common factor of 1091717 and 616?
11
Calculate the highest common factor of 67569 and 1917.
3
Calculate the greatest common divisor of 16170 and 191535.
15
What is the highest common divisor of 6908 and 86371352?
628
What is the highest common factor of 402572 and 9500?
76
Calculate the greatest common divisor of 1092 and 7247408.
28
What is the highest common divisor of 2380 and 20504890?
1190
Calculate the greatest common divisor of 26508 and 1717380.
564
Calculate the highest common factor of 523978 and 62972.
182
Calculate the greatest common divisor of 2574 and 1958346.
234
Calculate the highest common divisor of 117 and 277400097.
117
What is the highest common divisor of 1755 and 469060605?
1755
What is the greatest common factor of 4590 and 24259?
17
What is the highest common factor of 16339570 and 962?
962
Calculate the greatest common factor of 8811116 and 644.
92
Calculate the highest common divisor of 6210 and 4105620.
270
What is the highest common factor of 1575508227 and 1002?
501
What is the highest common divisor of 6620 and 300290?
10
What is the highest common divisor of 210 and 9647890?
70
What is the greatest common factor of 7026832 and 22940?
124
Calculate the highest common divisor of 5916544 and 459511.
2719
What is the greatest common factor of 100 and 28291100?
100
Calculate the highest common factor of 540 and 356670270.
270
Calculate the greatest common factor of 32280 and 89220.
60
What is the highest common divisor of 23585682 and 200535?
1383
What is the greatest common factor of 2508116 and 6?
2
Calculate the greatest common divisor of 2030 and 2904524.
406
Calculate the highest common divisor of 320468272 and 11354.
1622
Calculate the highest common divisor of 20671290 and 5.
5
What is the greatest common divisor of 323654520 and 9390?
9390
What is the highest common factor of 3808 and 40222?
238
What is the highest common factor of 781 and 4567643?
71
Calculate the highest common factor of 2624369 and 34727.
4961
Calculate the greatest common factor of 100 and 1370975.
25
Calculate the greatest common divisor of 33852 and 26012.
28
Calculate the highest common factor of 13216 and 21795424.
224
What is the greatest common divisor of 85 and 1239181?
17
What is the greatest common factor of 311 and 196588387?
311
Calculate the greatest common divisor of 940705578 and 54.
18
Calculate the highest common factor of 23118 and 14970.
6
What is the highest common factor of 4828624 and 656?
16
What is the greatest common factor of 134011214 and 537?
179
Calculate the highest common factor of 26503092 and 3465.
693
Calculate the highest common factor of 319124 and 149396.
884
Calculate the greatest common divisor of 3159 and 19799.
13
Calculate the highest common divisor of 925068 and 257975.
607
Calculate the greatest common divisor of 65 and 677590615.
65
What is the highest common divisor of 34275 and 495?
15
Calculate the highest common factor of 979 and 1567500.
11
Calculate the greatest common divisor of 109000 and 6275.
25
Calculate the greatest common factor of 